{"id":6430,"date":"2018-09-05T09:38:50","date_gmt":"2018-09-05T09:38:50","guid":{"rendered":"https:\/\/medhit-wp2.it\/sap\/product\/procesadores-de-alimentos-mod-2004-lt3-lt5-lt8\/"},"modified":"2026-04-02T11:36:26","modified_gmt":"2026-04-02T11:36:26","slug":"procesadores-de-alimentos-mod-2004-lt3-lt5-lt8","status":"publish","type":"product","link":"https:\/\/sapbologna.it\/es\/producto\/procesadores-de-alimentos-mod-2004-lt3-lt5-lt8\/","title":{"rendered":"Procesadores de alimentos Mod. 2004 LT3-LT5-LT8"},"content":{"rendered":"<div class=\"caratteristiche\">\n<p>&nbsp;<\/p>\n<table class=\"table table-striped\">\n<thead>\n<tr>\n<th colspan=\"2\">PROCESADOR DE ALIMENTOS LT 3<\/th>\n<\/tr>\n<\/thead>\n<tbody>\n<tr>\n<td>Potencia instalada monof\u00e1sica 230 V<\/td>\n<td>480 W &#8211; 2,2 A<\/td>\n<\/tr>\n<tr>\n<td>Medidas exteriores<\/td>\n<td>35x24x31 cm<\/td>\n<\/tr>\n<tr>\n<td>Peso<\/td>\n<td>kg 11<\/td>\n<\/tr>\n<tr>\n<td>Nivel medio de ruido<\/td>\n<td>&lt; 70 dB A<\/td>\n<\/tr>\n<tr>\n<td>Revoluciones hojas por minuto<\/td>\n<td>de 900 a 2200<\/td>\n<\/tr>\n<tr>\n<td>Dimensiones cubeta<\/td>\n<td>\u00d8 18&#215;10,5 h cm<\/td>\n<\/tr>\n<tr>\n<td>Dimensiones embalaje<\/td>\n<td>40x38x39 cm<\/td>\n<\/tr>\n<tr>\n<td>Opciones<\/td>\n<td>hoja dentada para moler hoja perforada para montar y amasar<\/td>\n<\/tr>\n<tr>\n<td>Cat\u00e1logo de producto<\/td>\n<td><a href=\"\/wp-content\/uploads\/2026\/03\/CUTTER-2004-LT-3.pdf\"><img loading=\"lazy\" decoding=\"async\" class=\"alignleft wp-image-3321\" src=\"https:\/\/www.sapbologna.it\/wp-content\/uploads\/2018\/09\/download-icon.png\" alt=\"\" width=\"20\" height=\"28\" \/><\/a><\/td>\n<\/tr>\n<tr>\n<td>Despiezo<\/td>\n<td><a href=\"..\/..\/..\/wp-content\/uploads\/2018\/09\/CUTTER-2004-3LT.pdf\" target=\"_blank\" rel=\"noopener\"><img loading=\"lazy\" decoding=\"async\" class=\"alignleft wp-image-3321 size-full\" src=\"https:\/\/www.sapbologna.it\/wp-content\/uploads\/2018\/09\/download-icon.png\" alt=\"\" width=\"20\" height=\"28\" \/><\/a><\/td>\n<\/tr>\n<tr>\n<td>Repuestos de producto<\/td>\n<td><a href=\"..\/..\/..\/wp-content\/uploads\/2018\/09\/CUTTER-3-MARZO-2018-PER-SITO.pdf\" target=\"_blank\" rel=\"noopener\"><img loading=\"lazy\" decoding=\"async\" class=\"alignleft wp-image-3321 size-full\" src=\"https:\/\/www.sapbologna.it\/wp-content\/uploads\/2018\/09\/download-icon.png\" alt=\"\" width=\"20\" height=\"28\" \/><\/a><\/td>\n<\/tr>\n<\/tbody>\n<\/table>\n<\/div>\n<div class=\"caratteristiche\">\n<p>&nbsp;<\/p>\n<table class=\"table table-striped\">\n<thead>\n<tr>\n<th colspan=\"2\">PROCESADOR DE ALIMENTOS LT 5<\/th>\n<\/tr>\n<\/thead>\n<tbody>\n<tr>\n<td>Potencia instalada monof\u00e1sica 230 V<\/td>\n<td>960 W &#8211; 4,4 A<\/td>\n<\/tr>\n<tr>\n<td>Medidas exteriores<\/td>\n<td>41x31x34 cm<\/td>\n<\/tr>\n<tr>\n<td>Peso<\/td>\n<td>kg 18<\/td>\n<\/tr>\n<tr>\n<td>Nivel medio de ruido<\/td>\n<td>&lt; 70 dB A<\/td>\n<\/tr>\n<tr>\n<td>Revoluciones hojas por minuto<\/td>\n<td>de 900 a 2200<\/td>\n<\/tr>\n<tr>\n<td>Dimensiones cubeta<\/td>\n<td>\u00d8 24&#215;12 h cm<\/td>\n<\/tr>\n<tr>\n<td>Dimensiones embalaje<\/td>\n<td>47x40x50 cm<\/td>\n<\/tr>\n<tr>\n<td>Opciones<\/td>\n<td>hoja dentada para moler hoja perforada para montar y amasar<\/td>\n<\/tr>\n<tr>\n<td>Cat\u00e1logo de producto<\/td>\n<td><a href=\"\/wp-content\/uploads\/2026\/04\/CUTTER-2004-LT-5.pdf\"><img loading=\"lazy\" decoding=\"async\" class=\"alignleft wp-image-3321\" src=\"https:\/\/www.sapbologna.it\/wp-content\/uploads\/2018\/09\/download-icon.png\" alt=\"\" width=\"20\" height=\"28\" \/><\/a><\/td>\n<\/tr>\n<tr>\n<td>Despiezo<\/td>\n<td><a href=\"..\/..\/..\/wp-content\/uploads\/2018\/09\/CUTTER-2004-3LT.pdf\" target=\"_blank\" rel=\"noopener\"><img loading=\"lazy\" decoding=\"async\" class=\"alignleft wp-image-3321 size-full\" src=\"https:\/\/www.sapbologna.it\/wp-content\/uploads\/2018\/09\/download-icon.png\" alt=\"\" width=\"20\" height=\"28\" \/><\/a><\/td>\n<\/tr>\n<tr>\n<td>Repuestos de producto<\/td>\n<td><a href=\"..\/..\/..\/wp-content\/uploads\/2018\/09\/CUTTER-5-MARZO-2018-PER-SITO.pdf\" target=\"_blank\" rel=\"noopener\"><img loading=\"lazy\" decoding=\"async\" class=\"alignleft wp-image-3321 size-full\" src=\"https:\/\/www.sapbologna.it\/wp-content\/uploads\/2018\/09\/download-icon.png\" alt=\"\" width=\"20\" height=\"28\" \/><\/a><\/td>\n<\/tr>\n<\/tbody>\n<\/table>\n<\/div>\n<div class=\"caratteristiche\">\n<p>&nbsp;<\/p>\n<table class=\"table table-striped\">\n<thead>\n<tr>\n<th colspan=\"2\">PROCESADOR DE ALIMENTOS LT 8<\/th>\n<\/tr>\n<\/thead>\n<tbody>\n<tr>\n<td>Potencia instalada monof\u00e1sica 230 V<\/td>\n<td>960 W &#8211; 4,4 A<\/td>\n<\/tr>\n<tr>\n<td>Medidas exteriores<\/td>\n<td>41x31x40 cm<\/td>\n<\/tr>\n<tr>\n<td>Peso<\/td>\n<td>kg 19<\/td>\n<\/tr>\n<tr>\n<td>Nivel medio de ruido<\/td>\n<td>de 900 a 2200<\/td>\n<\/tr>\n<tr>\n<td>Dimensiones cubeta<\/td>\n<td>\u00d8 24&#215;18 h cm<\/td>\n<\/tr>\n<tr>\n<td>Dimensiones embalaje<\/td>\n<td>47x40x50 cm<\/td>\n<\/tr>\n<tr>\n<td>Opciones<\/td>\n<td>hoja dentada para moler hoja perforada para montar y amasar<\/td>\n<\/tr>\n<tr>\n<td>Cat\u00e1logo de producto<\/td>\n<td><a href=\"\/wp-content\/uploads\/2026\/04\/CUTTER-2004-LT8.pdf\"><img loading=\"lazy\" decoding=\"async\" class=\"alignleft wp-image-3321\" src=\"https:\/\/www.sapbologna.it\/wp-content\/uploads\/2018\/09\/download-icon.png\" alt=\"\" width=\"20\" height=\"28\" \/><\/a><\/td>\n<\/tr>\n<tr>\n<td>Despiezo<\/td>\n<td><a href=\"..\/..\/..\/wp-content\/uploads\/2018\/09\/CUTTER-2004-3LT.pdf\" target=\"_blank\" rel=\"noopener\"><img loading=\"lazy\" decoding=\"async\" class=\"alignleft wp-image-3321 size-full\" src=\"https:\/\/www.sapbologna.it\/wp-content\/uploads\/2018\/09\/download-icon.png\" alt=\"\" width=\"20\" height=\"28\" \/><\/a><\/td>\n<\/tr>\n<tr>\n<td>Repuestos de producto<\/td>\n<td><a href=\"..\/..\/..\/wp-content\/uploads\/2018\/09\/CUTTER-8-MARZO-2018-PER-SITO.pdf\" target=\"_blank\" rel=\"noopener\"><img loading=\"lazy\" decoding=\"async\" class=\"alignleft wp-image-3321 size-full\" src=\"https:\/\/www.sapbologna.it\/wp-content\/uploads\/2018\/09\/download-icon.png\" alt=\"\" width=\"20\" height=\"28\" \/><\/a><\/td>\n<\/tr>\n<\/tbody>\n<\/table>\n<\/div>\n","protected":false},"excerpt":{"rendered":"<div class=\"testo\">Dise\u00f1ados y realizados en cumplimiento de las normativas europeas en regla para la certificaci\u00f3n CE, desde hace a\u00f1os son de gran ayuda en las cocinas profesionales. Cubeta distanciada del motor para no calentar los productos elaborados.<br \/>\nVelocidad regulable de 900 a 2200 rpm con nueve posiciones diferentes. Son pr\u00e1cticos, ya que son capaces de moler, desmenuzar, cortar, homogeneizar, amasar, etc. una gran cantidad de productos, reduciendo considerablemente los tiempos de trabajo en la cocina.<br \/>\nSon seguros, ya que disponen de mandos de baja tensi\u00f3n de 24 voltios, freno del motor y microinterruptor de seguridad en la tapa.<br \/>\nSon higi\u00e9nicos, ya que est\u00e1n realizados enteramente de acero inoxidable y pl\u00e1stico para alimentos.<\/div>\n","protected":false},"featured_media":6433,"template":"","meta":[],"product_brand":[],"product_cat":[301,309],"product_tag":[],"class_list":{"0":"post-6430","1":"product","2":"type-product","3":"status-publish","4":"has-post-thumbnail","6":"product_cat-cortador","7":"product_cat-todos","8":"item col-md-6 col-sm-6 col-xs-12 mb_50","10":"first","11":"instock","12":"shipping-taxable","13":"product-type-simple"},"_links":{"self":[{"href":"https:\/\/sapbologna.it\/es\/wp-json\/wp\/v2\/product\/6430","targetHints":{"allow":["GET"]}}],"collection":[{"href":"https:\/\/sapbologna.it\/es\/wp-json\/wp\/v2\/product"}],"about":[{"href":"https:\/\/sapbologna.it\/es\/wp-json\/wp\/v2\/types\/product"}],"wp:featuredmedia":[{"embeddable":true,"href":"https:\/\/sapbologna.it\/es\/wp-json\/wp\/v2\/media\/6433"}],"wp:attachment":[{"href":"https:\/\/sapbologna.it\/es\/wp-json\/wp\/v2\/media?parent=6430"}],"wp:term":[{"taxonomy":"product_brand","embeddable":true,"href":"https:\/\/sapbologna.it\/es\/wp-json\/wp\/v2\/product_brand?post=6430"},{"taxonomy":"product_cat","embeddable":true,"href":"https:\/\/sapbologna.it\/es\/wp-json\/wp\/v2\/product_cat?post=6430"},{"taxonomy":"product_tag","embeddable":true,"href":"https:\/\/sapbologna.it\/es\/wp-json\/wp\/v2\/product_tag?post=6430"}],"curies":[{"name":"wp","href":"https:\/\/api.w.org\/{rel}","templated":true}]}}

<div class="caratteristiche">
<p>&nbsp;</p>
<table class="table table-striped">
<thead>
<tr>
<th colspan="2">PROCESADOR DE ALIMENTOS LT 3</th>
</tr>
</thead>
<tbody>
<tr>
<td>Potencia instalada monofásica 230 V</td>
<td>480 W &#8211; 2,2 A</td>
</tr>
<tr>
<td>Medidas exteriores</td>
<td>35x24x31 cm</td>
</tr>
<tr>
<td>Peso</td>
<td>kg 11</td>
</tr>
<tr>
<td>Nivel medio de ruido</td>
<td>&lt; 70 dB A</td>
</tr>
<tr>
<td>Revoluciones hojas por minuto</td>
<td>de 900 a 2200</td>
</tr>
<tr>
<td>Dimensiones cubeta</td>
<td>Ø 18&#215;10,5 h cm</td>
</tr>
<tr>
<td>Dimensiones embalaje</td>
<td>40x38x39 cm</td>
</tr>
<tr>
<td>Opciones</td>
<td>hoja dentada para moler hoja perforada para montar y amasar</td>
</tr>
<tr>
<td>Catálogo de producto</td>
<td><a href="/wp-content/uploads/2026/03/CUTTER-2004-LT-3.pdf"><img loading="lazy" decoding="async" class="alignleft wp-image-3321" src="https://www.sapbologna.it/wp-content/uploads/2018/09/download-icon.png" alt="" width="20" height="28" /></a></td>
</tr>
<tr>
<td>Despiezo</td>
<td><a href="../../../wp-content/uploads/2018/09/CUTTER-2004-3LT.pdf" target="_blank" rel="noopener"><img loading="lazy" decoding="async" class="alignleft wp-image-3321 size-full" src="https://www.sapbologna.it/wp-content/uploads/2018/09/download-icon.png" alt="" width="20" height="28" /></a></td>
</tr>
<tr>
<td>Repuestos de producto</td>
<td><a href="../../../wp-content/uploads/2018/09/CUTTER-3-MARZO-2018-PER-SITO.pdf" target="_blank" rel="noopener"><img loading="lazy" decoding="async" class="alignleft wp-image-3321 size-full" src="https://www.sapbologna.it/wp-content/uploads/2018/09/download-icon.png" alt="" width="20" height="28" /></a></td>
</tr>
</tbody>
</table>
</div>
<div class="caratteristiche">
<p>&nbsp;</p>
<table class="table table-striped">
<thead>
<tr>
<th colspan="2">PROCESADOR DE ALIMENTOS LT 5</th>
</tr>
</thead>
<tbody>
<tr>
<td>Potencia instalada monofásica 230 V</td>
<td>960 W &#8211; 4,4 A</td>
</tr>
<tr>
<td>Medidas exteriores</td>
<td>41x31x34 cm</td>
</tr>
<tr>
<td>Peso</td>
<td>kg 18</td>
</tr>
<tr>
<td>Nivel medio de ruido</td>
<td>&lt; 70 dB A</td>
</tr>
<tr>
<td>Revoluciones hojas por minuto</td>
<td>de 900 a 2200</td>
</tr>
<tr>
<td>Dimensiones cubeta</td>
<td>Ø 24&#215;12 h cm</td>
</tr>
<tr>
<td>Dimensiones embalaje</td>
<td>47x40x50 cm</td>
</tr>
<tr>
<td>Opciones</td>
<td>hoja dentada para moler hoja perforada para montar y amasar</td>
</tr>
<tr>
<td>Catálogo de producto</td>
<td><a href="/wp-content/uploads/2026/04/CUTTER-2004-LT-5.pdf"><img loading="lazy" decoding="async" class="alignleft wp-image-3321" src="https://www.sapbologna.it/wp-content/uploads/2018/09/download-icon.png" alt="" width="20" height="28" /></a></td>
</tr>
<tr>
<td>Despiezo</td>
<td><a href="../../../wp-content/uploads/2018/09/CUTTER-2004-3LT.pdf" target="_blank" rel="noopener"><img loading="lazy" decoding="async" class="alignleft wp-image-3321 size-full" src="https://www.sapbologna.it/wp-content/uploads/2018/09/download-icon.png" alt="" width="20" height="28" /></a></td>
</tr>
<tr>
<td>Repuestos de producto</td>
<td><a href="../../../wp-content/uploads/2018/09/CUTTER-5-MARZO-2018-PER-SITO.pdf" target="_blank" rel="noopener"><img loading="lazy" decoding="async" class="alignleft wp-image-3321 size-full" src="https://www.sapbologna.it/wp-content/uploads/2018/09/download-icon.png" alt="" width="20" height="28" /></a></td>
</tr>
</tbody>
</table>
</div>
<div class="caratteristiche">
<p>&nbsp;</p>
<table class="table table-striped">
<thead>
<tr>
<th colspan="2">PROCESADOR DE ALIMENTOS LT 8</th>
</tr>
</thead>
<tbody>
<tr>
<td>Potencia instalada monofásica 230 V</td>
<td>960 W &#8211; 4,4 A</td>
</tr>
<tr>
<td>Medidas exteriores</td>
<td>41x31x40 cm</td>
</tr>
<tr>
<td>Peso</td>
<td>kg 19</td>
</tr>
<tr>
<td>Nivel medio de ruido</td>
<td>de 900 a 2200</td>
</tr>
<tr>
<td>Dimensiones cubeta</td>
<td>Ø 24&#215;18 h cm</td>
</tr>
<tr>
<td>Dimensiones embalaje</td>
<td>47x40x50 cm</td>
</tr>
<tr>
<td>Opciones</td>
<td>hoja dentada para moler hoja perforada para montar y amasar</td>
</tr>
<tr>
<td>Catálogo de producto</td>
<td><a href="/wp-content/uploads/2026/04/CUTTER-2004-LT8.pdf"><img loading="lazy" decoding="async" class="alignleft wp-image-3321" src="https://www.sapbologna.it/wp-content/uploads/2018/09/download-icon.png" alt="" width="20" height="28" /></a></td>
</tr>
<tr>
<td>Despiezo</td>
<td><a href="../../../wp-content/uploads/2018/09/CUTTER-2004-3LT.pdf" target="_blank" rel="noopener"><img loading="lazy" decoding="async" class="alignleft wp-image-3321 size-full" src="https://www.sapbologna.it/wp-content/uploads/2018/09/download-icon.png" alt="" width="20" height="28" /></a></td>
</tr>
<tr>
<td>Repuestos de producto</td>
<td><a href="../../../wp-content/uploads/2018/09/CUTTER-8-MARZO-2018-PER-SITO.pdf" target="_blank" rel="noopener"><img loading="lazy" decoding="async" class="alignleft wp-image-3321 size-full" src="https://www.sapbologna.it/wp-content/uploads/2018/09/download-icon.png" alt="" width="20" height="28" /></a></td>
</tr>
</tbody>
</table>
</div>

<div class="testo">Diseñados y realizados en cumplimiento de las normativas europeas en regla para la certificación CE, desde hace años son de gran ayuda en las cocinas profesionales. Cubeta distanciada del motor para no calentar los productos elaborados.<br />
Velocidad regulable de 900 a 2200 rpm con nueve posiciones diferentes. Son prácticos, ya que son capaces de moler, desmenuzar, cortar, homogeneizar, amasar, etc. una gran cantidad de productos, reduciendo considerablemente los tiempos de trabajo en la cocina.<br />
Son seguros, ya que disponen de mandos de baja tensión de 24 voltios, freno del motor y microinterruptor de seguridad en la tapa.<br />
Son higiénicos, ya que están realizados enteramente de acero inoxidable y plástico para alimentos.</div>
